t is the greatest common factor of 127 and 625729?
127
What is the highest common divisor of 3200 and 779840?
320
Calculate the highest common factor of 5421 and 1209.
39
What is the highest common factor of 7476 and 714?
42
What is the greatest common factor of 455 and 30205?
35
Calculate the highest common factor of 4905 and 84465.
45
Calculate the greatest common divisor of 201996 and 620.
124
Calculate the greatest common divisor of 3784 and 22403.
43
What is the highest common divisor of 506 and 76682?
46
What is the greatest common factor of 2135 and 13237?
427
What is the highest common factor of 107864 and 232?
8
Calculate the highest common factor of 76342 and 1323.
49
Calculate the greatest common divisor of 173125 and 275.
25
Calculate the greatest common factor of 19103 and 21.
7
What is the highest common divisor of 67 and 26599?
67
What is the greatest common divisor of 121240 and 2120?
40
Calculate the greatest common factor of 120 and 38256.
24
Calculate the greatest common divisor of 75472 and 106.
106
What is the greatest common factor of 504 and 36568?
56
Calculate the highest common factor of 71415 and 1080.
135
Calculate the highest common divisor of 165 and 2845.
5
What is the highest common factor of 34240 and 96?
32
What is the highest common factor of 9620486 and 1886?
1886
What is the highest common divisor of 13860 and 16470?
90
What is the greatest common divisor of 13 and 5391061?
13
Calculate the highest common factor of 1450 and 47050.
50
What is the greatest common factor of 54645 and 255?
15
Calculate the highest common factor of 297 and 522423.
297
Calculate the highest common factor of 141801 and 297.
33
Calculate the greatest common divisor of 681006 and 12.
6
What is the greatest common divisor of 23660 and 16?
4
What is the highest common factor of 2072 and 11618?
74
Calculate the greatest common factor of 1216 and 1347936.
608
Calculate the greatest common divisor of 84 and 112196.
28
Calculate the highest common divisor of 337 and 1036612.
337
Calculate the highest common factor of 7654 and 534.
178
What is the highest common factor of 9084 and 46177?
757
Calculate the highest common factor of 500 and 22625.
125
Calculate the greatest common divisor of 862 and 4.
2
What is the greatest common divisor of 42 and 279867?
21
What is the greatest common divisor of 35213 and 437?
23
Calculate the highest common factor of 1776 and 4149920.
592
What is the highest common factor of 129913 and 44597?
1939
Calculate the greatest common factor of 62 and 335885.
31
What is the greatest common factor of 7500 and 1680?
60
What is the highest common factor of 135 and 150435?
45
Calculate the highest common divisor of 498609 and 27.
27
Calculate the greatest common factor of 320950 and 70.
70
What is the greatest common factor of 6414248 and 152?
152
Calculate the highest common divisor of 1308 and 449298.
654
Calculate the highest common divisor of 167275 and 50.
25
What is the highest common divisor of 105322 and 28?
14
What is the greatest common factor of 3575 and 8150?
25
Calculate the greatest common factor of 2135 and 671.
61
Calculate the greatest common factor of 196 and 7696.
4
Calculate the greatest common divisor of 2553 and 32523.
111
What is the highest common factor of 16523 and 35711?
533
What is the highest common factor of 161 and 119232?
23
Calculate the greatest common factor of 244 and 88938.
122
What is the greatest common factor of 10604 and 55?
11
Calculate the highest common divisor of 20 and 1261980.
20
Calculate the greatest common divisor of 14860 and 2020.
20
Calculate the highest common factor of 54625 and 2300.
575
What is the greatest common divisor of 105998 and 2?
2
What is the greatest common factor of 518180 and 260?
260
Calculate the highest common factor of 15945 and 1215.
15
What is the highest common factor of 88496 and 48?
16
Calculate the greatest common factor of 1048968 and 408.
408
What is the highest common factor of 186455 and 838?
419
Calculate the greatest common factor of 590 and 31152.
118
What is the greatest common factor of 12384 and 147834?
774
Calculate the greatest common divisor of 39 and 10157199.
39
Calculate the highest common factor of 35385 and 7125.
15
What is the highest common factor of 46 and 5037?
23
What is the highest common divisor of 18972 and 72?
36
What is the greatest common factor of 408064 and 200?
8
Calculate the greatest common factor of 77 and 31064.
11
Calculate the greatest common factor of 7163947 and 49.
49
What is the greatest common divisor of 19155 and 255?
15
What is the highest common factor of 2782 and 919451?
1391
Calculate the highest common divisor of 26156 and 1456.
52
What is the greatest common factor of 9060 and 10?
10
Calculate the greatest common divisor of 132 and 16038.
66
Calculate the greatest common divisor of 2790 and 189630.
90
Calculate the highest common divisor of 1957504 and 256.
128
Calculate the greatest common divisor of 116 and 124004.
116
What is the greatest common divisor of 20304 and 1080?
216
Calculate the greatest common divisor of 19 and 47557.
19
What is the greatest common divisor of 32 and 94152?
8
Calculate the greatest common divisor of 5280 and 52140.
660
Calculate the greatest common divisor of 960 and 20724.
12
What is the highest common factor of 327 and 396433?
109
What is the highest common divisor of 91 and 90441?
13
Calculate the greatest common factor of 31001 and 58.
29
Calculate the greatest common divisor of 29107 and 13.
13
Calculate the highest common factor of 10360 and 2744.
56
What is the greatest common divisor of 4624 and 214438?
578
What is the highest common divisor of 1188 and 46233?
99
What is the highest common divisor of 24249 and 5133?
177
What is the greatest common factor of 3584 and 15008?
224
What is the greatest common factor of 1063183 and 209?
209
Calculate the greatest common divisor of 926 and 19909.
463
Calculate the highest common factor of 52 and 1468727.
13
Calculate the greatest common factor of 4290 and 117546.
858
What is the greatest common divisor of 6135 and 615?
15
Calculate the highest common divisor of 11388 and 1606.
146
Calculate the highest common factor of 1131 and 195.
39
Calculate the highest common divisor of 188 and 28247.
47
Calculate the greatest common factor of 9 and 16227.
9
Calculate the greatest common divisor of 22923360 and 1440.
1440
Calculate the highest common divisor of 949280 and 2443.
349
Calculate the highest common divisor of 67360 and 1710.
10
What is the highest common divisor of 106647 and 171?
57
What is the highest common factor of 74069 and 34?
17
What is the greatest common divisor of 148 and 2325?
1
Calculate the highest common divisor of 2390 and 15790.
10
Calculate the greatest common divisor of 4075 and 456726.
163
What is the greatest common factor of 168 and 4319280?
168
Calculate the greatest common factor of 45915 and 195.
15
Calculate the greatest common factor of 4940 and 152475.
95
What is the highest common divisor of 40242 and 646?
38
What is the greatest common factor of 5852281 and 92?
23
What is the highest common divisor of 88 and 152?
8
Calculate the greatest common divisor of 5844 and 282.
6
What is the greatest common divisor of 3700 and 120000?
100
What is the highest common divisor of 379610 and 105?
35
What is the highest common factor of 206 and 425699?
103
What is the highest common divisor of 432 and 1548?
36
Calculate the highest common factor of 69498 and 1215.
243
Calculate the highest common divisor of 32449 and 2997.
37
What is the highest common factor of 146172 and 60?
12
Calculate the highest common divisor of 170 and 30328.
34
Calculate the highest common factor of 3996 and 259.
37
Calculate the highest common factor of 1065 and 2835.
15
Calculate the highest common factor of 1314 and 4234.
146
Calculate the highest common factor of 1349157 and 276.
69
What is the highest common factor of 183 and 66063?
183
What is the greatest common factor of 38 and 577106?
38
What is the greatest common divisor of 760 and 17176?
152
What is the greatest common divisor of 186 and 867039?
93
Calculate the greatest common divisor of 15502 and 460.
46
Calculate the greatest common divisor of 29359